{"id":18,"date":"2021-05-20T18:37:54","date_gmt":"2021-05-20T18:37:54","guid":{"rendered":"http:\/\/sites.unoeste.br\/boletimppga\/?page_id=18"},"modified":"2025-12-10T19:04:22","modified_gmt":"2025-12-10T19:04:22","slug":"contato","status":"publish","type":"page","link":"http:\/\/sites.unoeste.br\/boletimppga\/index.php\/contato\/","title":{"rendered":"Contato"},"content":{"rendered":"\n<p>Prof. Dr. Edgard Henrique Costa Silva \u2013 Coordenador<br>Profa. Dra. Ana Cl\u00e1udia Pacheco Santos \u2013 Vice-coordenadora<br>Secret\u00e1ria: Keid Ribeiro Kr\u00fcger\u00a0(keid@unoeste.br)<br><br><strong>Endere\u00e7o:<\/strong><br>Pr\u00f3-Reitoria de Pesquisa e P\u00f3s-Gradua\u00e7\u00e3o \u2013 Programa de P\u00f3s-Gradua\u00e7\u00e3o em Agronomia \u2013 Rodovia Raposo Tavares, Km 572 \u2013 Bairro Limoeiro \u2013 19067-175 \u2013 Presidente Prudente\/SP<\/p>\n\n\n\n<p><strong>Telefones:<\/strong><br>Para liga\u00e7\u00f5es externas:&nbsp; (18) 3229-3264&nbsp;<br>Para liga\u00e7\u00f5es internas da Universidade: ramal 2131<\/p>\n\n\n\n<p><strong>Fax:<\/strong>&nbsp;(18) 3229 2080 e-mail:&nbsp;<a href=\"mailto:programa.agro@unoeste.br\">programa.agro@unoeste.br<\/a>&nbsp;ou keid@unoeste.br<\/p>\n","protected":false},"excerpt":{"rendered":"<p>Prof. Dr. Edgard Henrique Costa Silva \u2013 CoordenadorProfa. Dra. Ana Cl\u00e1udia Pacheco Santos \u2013 Vice-coordenadoraSecret\u00e1ria: Keid Ribeiro Kr\u00fcger\u00a0(keid@unoeste.br) Endere\u00e7o:Pr\u00f3-Reitoria de Pesquisa e P\u00f3s-Gradua\u00e7\u00e3o \u2013 Programa de P\u00f3s-Gradua\u00e7\u00e3o em Agronomia \u2013 Rodovia Raposo Tavares, Km 572 \u2013 Bairro Limoeiro \u2013 19067-175 \u2013 Presidente Prudente\/SP Telefones:Para liga\u00e7\u00f5es externas:&nbsp; (18) 3229-3264&nbsp;Para liga\u00e7\u00f5es internas da Universidade: ramal 2131 Fax:&nbsp;(18) <a class=\"more-link\" href=\"http:\/\/sites.unoeste.br\/boletimppga\/index.php\/contato\/\">Leia mais&#8230; &raquo;<\/a><\/p>\n","protected":false},"author":1,"featured_media":0,"parent":0,"menu_order":0,"comment_status":"closed","ping_status":"closed","template":"","meta":[],"yoast_head":"<!-- This site is optimized with the Yoast SEO plugin v16.3 - https:\/\/yoast.com\/wordpress\/plugins\/seo\/ -->\n<title>Contato - ISSN 2763-7522<\/title>\n<meta name=\"robots\" content=\"index, follow, max-snippet:-1, max-image-preview:large, max-video-preview:-1\" \/>\n<link rel=\"canonical\" href=\"https:\/\/sites.unoeste.br\/boletimppga\/index.php\/contato\/\" \/>\n<meta property=\"og:locale\" content=\"pt_BR\" \/>\n<meta property=\"og:type\" content=\"article\" \/>\n<meta property=\"og:title\" content=\"Contato - ISSN 2763-7522\" \/>\n<meta property=\"og:description\" content=\"Prof. Dr. Edgard Henrique Costa Silva \u2013 CoordenadorProfa. Dra. Ana Cl\u00e1udia Pacheco Santos \u2013 Vice-coordenadoraSecret\u00e1ria: Keid Ribeiro Kr\u00fcger\u00a0(keid@unoeste.br) Endere\u00e7o:Pr\u00f3-Reitoria de Pesquisa e P\u00f3s-Gradua\u00e7\u00e3o \u2013 Programa de P\u00f3s-Gradua\u00e7\u00e3o em Agronomia \u2013 Rodovia Raposo Tavares, Km 572 \u2013 Bairro Limoeiro \u2013 19067-175 \u2013 Presidente Prudente\/SP Telefones:Para liga\u00e7\u00f5es externas:&nbsp; (18) 3229-3264&nbsp;Para liga\u00e7\u00f5es internas da Universidade: ramal 2131 Fax:&nbsp;(18) Leia mais... &raquo;\" \/>\n<meta property=\"og:url\" content=\"https:\/\/sites.unoeste.br\/boletimppga\/index.php\/contato\/\" \/>\n<meta property=\"og:site_name\" content=\"ISSN 2763-7522\" \/>\n<meta property=\"article:modified_time\" content=\"2025-12-10T19:04:22+00:00\" \/>\n<meta name=\"twitter:card\" content=\"summary_large_image\" \/>\n<meta name=\"twitter:label1\" content=\"Est. tempo de leitura\">\n\t<meta name=\"twitter:data1\" content=\"1 minuto\">\n<script type=\"application\/ld+json\" class=\"yoast-schema-graph\">{\"@context\":\"https:\/\/schema.org\",\"@graph\":[{\"@type\":\"WebSite\",\"@id\":\"https:\/\/sites.unoeste.br\/boletimppga\/#website\",\"url\":\"https:\/\/sites.unoeste.br\/boletimppga\/\",\"name\":\"ISSN 2763-7522\",\"description\":\"Boletim de Pesquisa do Programa de P\\u00f3s-Gradua\\u00e7\\u00e3o em Agronomia - Unoeste\",\"potentialAction\":[{\"@type\":\"SearchAction\",\"target\":\"https:\/\/sites.unoeste.br\/boletimppga\/?s={search_term_string}\",\"query-input\":\"required name=search_term_string\"}],\"inLanguage\":\"pt-BR\"},{\"@type\":\"WebPage\",\"@id\":\"https:\/\/sites.unoeste.br\/boletimppga\/index.php\/contato\/#webpage\",\"url\":\"https:\/\/sites.unoeste.br\/boletimppga\/index.php\/contato\/\",\"name\":\"Contato - ISSN 2763-7522\",\"isPartOf\":{\"@id\":\"https:\/\/sites.unoeste.br\/boletimppga\/#website\"},\"datePublished\":\"2021-05-20T18:37:54+00:00\",\"dateModified\":\"2025-12-10T19:04:22+00:00\",\"breadcrumb\":{\"@id\":\"https:\/\/sites.unoeste.br\/boletimppga\/index.php\/contato\/#breadcrumb\"},\"inLanguage\":\"pt-BR\",\"potentialAction\":[{\"@type\":\"ReadAction\",\"target\":[\"https:\/\/sites.unoeste.br\/boletimppga\/index.php\/contato\/\"]}]},{\"@type\":\"BreadcrumbList\",\"@id\":\"https:\/\/sites.unoeste.br\/boletimppga\/index.php\/contato\/#breadcrumb\",\"itemListElement\":[{\"@type\":\"ListItem\",\"position\":1,\"item\":{\"@type\":\"WebPage\",\"@id\":\"https:\/\/sites.unoeste.br\/boletimppga\/\",\"url\":\"https:\/\/sites.unoeste.br\/boletimppga\/\",\"name\":\"In\\u00edcio\"}},{\"@type\":\"ListItem\",\"position\":2,\"item\":{\"@id\":\"https:\/\/sites.unoeste.br\/boletimppga\/index.php\/contato\/#webpage\"}}]}]}<\/script>\n<!-- \/ Yoast SEO plugin. -->","_links":{"self":[{"href":"http:\/\/sites.unoeste.br\/boletimppga\/index.php\/wp-json\/wp\/v2\/pages\/18"}],"collection":[{"href":"http:\/\/sites.unoeste.br\/boletimppga\/index.php\/wp-json\/wp\/v2\/pages"}],"about":[{"href":"http:\/\/sites.unoeste.br\/boletimppga\/index.php\/wp-json\/wp\/v2\/types\/page"}],"author":[{"embeddable":true,"href":"http:\/\/sites.unoeste.br\/boletimppga\/index.php\/wp-json\/wp\/v2\/users\/1"}],"replies":[{"embeddable":true,"href":"http:\/\/sites.unoeste.br\/boletimppga\/index.php\/wp-json\/wp\/v2\/comments?post=18"}],"version-history":[{"count":5,"href":"http:\/\/sites.unoeste.br\/boletimppga\/index.php\/wp-json\/wp\/v2\/pages\/18\/revisions"}],"predecessor-version":[{"id":574,"href":"http:\/\/sites.unoeste.br\/boletimppga\/index.php\/wp-json\/wp\/v2\/pages\/18\/revisions\/574"}],"wp:attachment":[{"href":"http:\/\/sites.unoeste.br\/boletimppga\/index.php\/wp-json\/wp\/v2\/media?parent=18"}],"curies":[{"name":"wp","href":"https:\/\/api.w.org\/{rel}","templated":true}]}}