{"id":150,"date":"2021-05-21T00:54:07","date_gmt":"2021-05-21T00:54:07","guid":{"rendered":"http:\/\/sites.unoeste.br\/boletimppga\/?page_id=150"},"modified":"2021-05-21T00:56:28","modified_gmt":"2021-05-21T00:56:28","slug":"unoeste","status":"publish","type":"page","link":"https:\/\/sites.unoeste.br\/boletimppga\/index.php\/unoeste\/","title":{"rendered":"A Unoeste"},"content":{"rendered":"\n<p>Acesse o site da Unoeste <a href=\"http:\/\/www.unoeste.br\/\">www.unoeste.br<\/a><\/p>\n\n\n\n<p>A Universidade do Oeste Paulista nasceu do sonho dos professores Agripino de Oliveira Lima Filho e Ana Cardoso Maia de Oliveira Lima para oferecer ensino superior de qualidade em Presidente Prudente e regi\u00e3o. Isso se tornou realidade em 1972, quando foi criada a primeira faculdade da Associa\u00e7\u00e3o Prudentina de Educa\u00e7\u00e3o e Cultura (Apec), a Faculdade de Ci\u00eancias, Letras e Educa\u00e7\u00e3o de Presidente Prudente (Faclepp). O primeiro vestibular foi realizado e 536 candidatos se inscreveram para as 350 vagas ofertadas. A aula inaugural aconteceu provisoriamente no Col\u00e9gio Cristo Rei, no dia 21 de outubro deste mesmo ano.<\/p>\n\n\n\n<p>Devido aos ideais dos fundadores e da grande demanda por outras \u00e1reas do conhecimento para a regi\u00e3o, nos anos seguintes nasceram as faculdades da Sa\u00fade, de Engenharia Civil, Inform\u00e1tica e outros cursos superiores, al\u00e9m de cl\u00ednicas, laborat\u00f3rios e o Gin\u00e1sio de Esportes. Com isso, surgia velozmente o complexo de pr\u00e9dios que integra o campus I, no Jardim Bongiovani.<\/p>\n\n\n\n<p>Em 1987, o campus II foi inaugurado, com cursos nas \u00e1reas das Ci\u00eancias Agr\u00e1rias, Humanas e Sociais Aplicadas. Neste mesmo ano, a Unoeste foi credenciada pelo MEC como universidade e despontavam pavilh\u00f5es, cl\u00ednicas, Hospital Veterin\u00e1rio, Fazenda Experimental, pr\u00e9dios laboratoriais, centros agron\u00f4micos e zoot\u00e9cnicos e demais \u00e1reas destinadas ao ensino superior, \u00e0 pesquisa cient\u00edfica e \u00e0 pr\u00e1tica constante da cidadania. Por isso, a Unoeste \u00e9 a \u00fanica institui\u00e7\u00e3o de ensino superior particular do Oeste Paulista com este t\u00edtulo.<\/p>\n\n\n\n<p>E a universidade n\u00e3o para de crescer&#8230; Al\u00e9m de Prudente, possui campi em Ja\u00fa e Guaruj\u00e1. Desde agosto de 2018 iniciou as atividades do primeiro curso m\u00e9dico jauense, neste primeiro momento em instala\u00e7\u00f5es que ficam em espa\u00e7o anexo ao Hospital Thereza Perlatti. No litoral paulista, a gradua\u00e7\u00e3o m\u00e9dica teve in\u00edcio em mar\u00e7o de 2019 em pavimento do Hospital Santo Amaro. Em ambas as cidades, a universidade est\u00e1 em fase de constru\u00e7\u00e3o de seus novos campi, para abrigar mais cursos de gradua\u00e7\u00e3o.<\/p>\n","protected":false},"excerpt":{"rendered":"<p>Acesse o site da Unoeste www.unoeste.br A Universidade do Oeste Paulista nasceu do sonho dos professores Agripino de Oliveira Lima Filho e Ana Cardoso Maia de Oliveira Lima para oferecer ensino superior de qualidade em Presidente Prudente e regi\u00e3o. Isso se tornou realidade em 1972, quando foi criada a primeira faculdade da Associa\u00e7\u00e3o Prudentina de <a class=\"more-link\" href=\"https:\/\/sites.unoeste.br\/boletimppga\/index.php\/unoeste\/\">Leia mais&#8230; &raquo;<\/a><\/p>\n","protected":false},"author":1,"featured_media":0,"parent":0,"menu_order":0,"comment_status":"closed","ping_status":"closed","template":"","meta":[],"yoast_head":"<!-- This site is optimized with the Yoast SEO plugin v16.3 - https:\/\/yoast.com\/wordpress\/plugins\/seo\/ -->\n<title>A Unoeste - ISSN 2763-7522<\/title>\n<meta name=\"robots\" content=\"index, follow, max-snippet:-1, max-image-preview:large, max-video-preview:-1\" \/>\n<link rel=\"canonical\" href=\"https:\/\/sites.unoeste.br\/boletimppga\/index.php\/unoeste\/\" \/>\n<meta property=\"og:locale\" content=\"pt_BR\" \/>\n<meta property=\"og:type\" content=\"article\" \/>\n<meta property=\"og:title\" content=\"A Unoeste - ISSN 2763-7522\" \/>\n<meta property=\"og:description\" content=\"Acesse o site da Unoeste www.unoeste.br A Universidade do Oeste Paulista nasceu do sonho dos professores Agripino de Oliveira Lima Filho e Ana Cardoso Maia de Oliveira Lima para oferecer ensino superior de qualidade em Presidente Prudente e regi\u00e3o. Isso se tornou realidade em 1972, quando foi criada a primeira faculdade da Associa\u00e7\u00e3o Prudentina de Leia mais... &raquo;\" \/>\n<meta property=\"og:url\" content=\"https:\/\/sites.unoeste.br\/boletimppga\/index.php\/unoeste\/\" \/>\n<meta property=\"og:site_name\" content=\"ISSN 2763-7522\" \/>\n<meta property=\"article:modified_time\" content=\"2021-05-21T00:56:28+00:00\" \/>\n<meta name=\"twitter:card\" content=\"summary_large_image\" \/>\n<meta name=\"twitter:label1\" content=\"Est. tempo de leitura\">\n\t<meta name=\"twitter:data1\" content=\"2 minutos\">\n<script type=\"application\/ld+json\" class=\"yoast-schema-graph\">{\"@context\":\"https:\/\/schema.org\",\"@graph\":[{\"@type\":\"WebSite\",\"@id\":\"https:\/\/sites.unoeste.br\/boletimppga\/#website\",\"url\":\"https:\/\/sites.unoeste.br\/boletimppga\/\",\"name\":\"ISSN 2763-7522\",\"description\":\"Boletim de Pesquisa do Programa de P\\u00f3s-Gradua\\u00e7\\u00e3o em Agronomia - Unoeste\",\"potentialAction\":[{\"@type\":\"SearchAction\",\"target\":\"https:\/\/sites.unoeste.br\/boletimppga\/?s={search_term_string}\",\"query-input\":\"required name=search_term_string\"}],\"inLanguage\":\"pt-BR\"},{\"@type\":\"WebPage\",\"@id\":\"https:\/\/sites.unoeste.br\/boletimppga\/index.php\/unoeste\/#webpage\",\"url\":\"https:\/\/sites.unoeste.br\/boletimppga\/index.php\/unoeste\/\",\"name\":\"A Unoeste - ISSN 2763-7522\",\"isPartOf\":{\"@id\":\"https:\/\/sites.unoeste.br\/boletimppga\/#website\"},\"datePublished\":\"2021-05-21T00:54:07+00:00\",\"dateModified\":\"2021-05-21T00:56:28+00:00\",\"breadcrumb\":{\"@id\":\"https:\/\/sites.unoeste.br\/boletimppga\/index.php\/unoeste\/#breadcrumb\"},\"inLanguage\":\"pt-BR\",\"potentialAction\":[{\"@type\":\"ReadAction\",\"target\":[\"https:\/\/sites.unoeste.br\/boletimppga\/index.php\/unoeste\/\"]}]},{\"@type\":\"BreadcrumbList\",\"@id\":\"https:\/\/sites.unoeste.br\/boletimppga\/index.php\/unoeste\/#breadcrumb\",\"itemListElement\":[{\"@type\":\"ListItem\",\"position\":1,\"item\":{\"@type\":\"WebPage\",\"@id\":\"https:\/\/sites.unoeste.br\/boletimppga\/\",\"url\":\"https:\/\/sites.unoeste.br\/boletimppga\/\",\"name\":\"In\\u00edcio\"}},{\"@type\":\"ListItem\",\"position\":2,\"item\":{\"@id\":\"https:\/\/sites.unoeste.br\/boletimppga\/index.php\/unoeste\/#webpage\"}}]}]}<\/script>\n<!-- \/ Yoast SEO plugin. -->","_links":{"self":[{"href":"https:\/\/sites.unoeste.br\/boletimppga\/index.php\/wp-json\/wp\/v2\/pages\/150"}],"collection":[{"href":"https:\/\/sites.unoeste.br\/boletimppga\/index.php\/wp-json\/wp\/v2\/pages"}],"about":[{"href":"https:\/\/sites.unoeste.br\/boletimppga\/index.php\/wp-json\/wp\/v2\/types\/page"}],"author":[{"embeddable":true,"href":"https:\/\/sites.unoeste.br\/boletimppga\/index.php\/wp-json\/wp\/v2\/users\/1"}],"replies":[{"embeddable":true,"href":"https:\/\/sites.unoeste.br\/boletimppga\/index.php\/wp-json\/wp\/v2\/comments?post=150"}],"version-history":[{"count":3,"href":"https:\/\/sites.unoeste.br\/boletimppga\/index.php\/wp-json\/wp\/v2\/pages\/150\/revisions"}],"predecessor-version":[{"id":154,"href":"https:\/\/sites.unoeste.br\/boletimppga\/index.php\/wp-json\/wp\/v2\/pages\/150\/revisions\/154"}],"wp:attachment":[{"href":"https:\/\/sites.unoeste.br\/boletimppga\/index.php\/wp-json\/wp\/v2\/media?parent=150"}],"curies":[{"name":"wp","href":"https:\/\/api.w.org\/{rel}","templated":true}]}}