{"id":6433,"date":"2020-05-24T17:16:19","date_gmt":"2020-05-24T20:16:19","guid":{"rendered":"http:\/\/sites.unoeste.br\/contepea\/?page_id=6433"},"modified":"2020-12-04T08:44:09","modified_gmt":"2020-12-04T11:44:09","slug":"reunioes-2020","status":"publish","type":"page","link":"https:\/\/sites.unoeste.br\/contepea\/reunioes-2020\/","title":{"rendered":"Reuni\u00f5es 2020"},"content":{"rendered":"<h3 style=\"text-align: justify;\">1\u00b0 Semestre de 2020<\/h3>\n<p><strong>Mar\u00e7o<\/strong><\/p>\n<p style=\"text-align: justify;\">Data: 25\/03\/2020<\/p>\n<p style=\"text-align: justify;\">Hor\u00e1rio: 14:00<\/p>\n<p style=\"text-align: justify;\">Local:\u00a0plataforma Microsoft (Skype)<\/p>\n<p style=\"text-align: justify;\"><strong>Texto discutido:<\/strong><\/p>\n<p style=\"text-align: justify;\">CORREA, B. R. P. G e BEHRENS, M. A. Ser professor: teoria e pr\u00e1tica numa nova vis\u00e3o paradigm\u00e1tica. In: FERREIRA, J, de L. (Org.) <strong>Forma\u00e7\u00e3o de Professores:<\/strong> teoria e pr\u00e1tica. Petr\u00f3polis: Vozes, 2014, p. 50-72.<\/p>\n<p style=\"text-align: justify;\">Participaram desta reuni\u00e3o 19 membros.<\/p>\n<hr \/>\n<p style=\"text-align: justify;\"><strong>Abril<\/strong><\/p>\n<p style=\"text-align: justify;\">Data: 22\/04\/2020<\/p>\n<p style=\"text-align: justify;\">Hor\u00e1rio: 14:00<\/p>\n<p style=\"text-align: justify;\">Local:\u00a0plataforma Google (Meet)<\/p>\n<p style=\"text-align: justify;\"><strong>Texto discutido:<\/strong><\/p>\n<p style=\"text-align: justify;\">ARA\u00daJO, C. M. de; ARA\u00daJO, E. M.; SILVA, R. D. da. Para pensar sobre a forma\u00e7\u00e3o continuada de professores \u00e9 imprescind\u00edvel uma teoria cr\u00edtica de forma\u00e7\u00e3o humana. <b>Cad. Cedes<\/b>, Campinas, v. 35, n. 95, p. 57-73, jan-abr. 2015. Dispon\u00edvel em: <a href=\"https:\/\/www.scielo.br\/pdf\/ccedes\/v35n95\/0101-3262-ccedes-35-95-00057\" target=\"_blank\">https:\/\/www.scielo.br\/pdf\/ccedes\/v35n95\/0101-3262-ccedes-35-95-00057<\/a>.pdf. Acesso em: 18 abr. 2020.<\/p>\n<p style=\"text-align: justify;\">Participaram desta reuni\u00e3o 14 membros.<\/p>\n<hr \/>\n<p style=\"text-align: justify;\"><strong>Junho<\/strong><\/p>\n<p style=\"text-align: justify;\">Data: 18\/06\/2020<\/p>\n<p style=\"text-align: justify;\">Hor\u00e1rio: 14:00<\/p>\n<p style=\"text-align: justify;\">Local:\u00a0plataforma Google (Meet).<\/p>\n<p style=\"text-align: justify;\"><strong>Texto para discuss\u00e3o:<\/strong><\/p>\n<p style=\"text-align: justify;\">STANO, R. de C. M. T.<strong>\u00a0<\/strong>O caminho de um grupo de forma\u00e7\u00e3o continuada docente: do compartilhamento de pr\u00e1ticas docentes para uma pedagogia da e para a autonomia<strong>.<\/strong><strong>\u00a0Educar em Revista.<\/strong>\u00a0[online]. 2015, n.57, p. 275-290. Dispon\u00edvel em:\u00a0<a href=\"https:\/\/www.scielo.br\/pdf\/er\/n57\/1984-0411-er-57-00275.pdf\" target=\"_blank\">https:\/\/www.scielo.br\/pdf\/er\/n57\/1984-0411-er-57-00275.pdf<\/a>. Acesso em 07 jun. 2020.<\/p>\n<hr \/>\n<p style=\"text-align: justify;\"><strong>Julho<\/strong><\/p>\n<p style=\"text-align: justify;\">Data: 08\/07\/2020<\/p>\n<p style=\"text-align: justify;\">Hor\u00e1rio: 14:00<\/p>\n<p style=\"text-align: justify;\">Local:\u00a0plataforma Google (Meet).<\/p>\n<p style=\"text-align: justify;\"><a href=\"https:\/\/sites.unoeste.br\/contepea\/wp-content\/uploads\/2020\/05\/Pauta_Reuni\u00e3o_080720201.pdf\">Pauta de Julho<\/a><\/p>\n<p style=\"text-align: justify;\"><strong>Texto para discuss\u00e3o:<\/strong><\/p>\n<p style=\"text-align: justify;\">PRETTO, N. de L.; BONILLA, M. H S.; SENA, I. P. F. de S. <strong>Educa\u00e7\u00e3o em tempos de pandemia:<\/strong> reflex\u00f5es sobre as implica\u00e7\u00f5es do isolamento f\u00edsico imposto pela COVID-19. Salvador: Edi\u00e7\u00e3o do autor, 2020. Dispon\u00edvel em: <a href=\"https:\/\/blog.ufba.br\/gec\/files\/2020\/05\/GEC_livro_final_imprensa.pdf\" target=\"_blank\">https:\/\/blog.ufba.br\/gec\/files\/2020\/05\/GEC_livro_final_imprensa.pdf<\/a>. Acesso em: 23 jun. 2020.<\/p>\n<hr \/>\n<h3 style=\"text-align: justify;\">2\u00b0 Semestre de 2020<\/h3>\n<p><strong>Agosto<\/strong><\/p>\n<p style=\"text-align: justify;\">Data: 05\/08\/2020<\/p>\n<p style=\"text-align: justify;\">Hor\u00e1rio: 14:00<\/p>\n<p style=\"text-align: justify;\">Local:\u00a0plataforma Google (Meet).<\/p>\n<p style=\"text-align: justify;\"><a href=\"https:\/\/sites.unoeste.br\/contepea\/wp-content\/uploads\/2020\/05\/Pauta_Reuni\u00e3o_05082020.pdf\">Pauta de Agosto<\/a><\/p>\n<p style=\"text-align: justify;\"><strong>Texto para discuss\u00e3o:<\/strong><\/p>\n<p style=\"text-align: justify;\">BORN, B. B.; PRADO, A. P. do; FELIPPE, J. M. F. G. Profissionalismo docente e estrat\u00e9gias para o seu fortalecimento: entrevista do Lee Shulman. <strong>Educ. Pesqui.<\/strong> S\u00e3o Paulo, v. 45, 2019. Dispon\u00edvel em: <a href=\"https:\/\/www.scielo.br\/scielo.php?script=sci_arttext&amp;pid=S1517-97022019000100202\" target=\"_blank\">https:\/\/www.scielo.br\/scielo.php?script=sci_arttext&amp;pid=S1517-97022019000100202<\/a>. Acesso em: 29 jul. 2020.<\/p>\n<hr \/>\n<p style=\"text-align: justify;\"><strong>Setembro<\/strong><\/p>\n<p style=\"text-align: justify;\">Data: 16\/09\/2020<\/p>\n<p style=\"text-align: justify;\">Hor\u00e1rio: 14:00<\/p>\n<p style=\"text-align: justify;\">Local:\u00a0plataforma Google (Meet).<\/p>\n<p style=\"text-align: justify;\"><a href=\"https:\/\/sites.unoeste.br\/contepea\/wp-content\/uploads\/2020\/05\/Pauta_Reuni\u00e3o_16092020.pdf\">Pauta de Setembro<\/a><\/p>\n<p style=\"text-align: justify;\"><strong>Texto para discuss\u00e3o:<\/strong><\/p>\n<p style=\"text-align: justify;\">CIBOTTO, R. A.; OLIVEIRA, R. M. M. A. TPACK \u2013 Conhecimento Tecnol\u00f3gico e Pedag\u00f3gico do Conte\u00fado: uma revis\u00e3o te\u00f3rica. <strong>Imagens da Educa\u00e7\u00e3o<\/strong>, v. 7, n. 2, 2017. p. 11-23. Dispon\u00edvel em: <a href=\"http:\/\/www.periodicos.uem.br\/ojs\/index.php\/ImagensEduc\/article\/view\/34615\/pdf\" target=\"_blank\">http:\/\/www.periodicos.uem.br\/ojs\/index.php\/ImagensEduc\/article\/view\/34615\/pdf<\/a>. Acesso em: 08 set. 2020.<\/p>\n<hr \/>\n<p style=\"text-align: justify;\"><strong>Outubro<\/strong><\/p>\n<p style=\"text-align: justify;\">Data: 19\/10\/2020<\/p>\n<p style=\"text-align: justify;\">Hor\u00e1rio: 13:30<\/p>\n<p style=\"text-align: justify;\">Local:\u00a0plataforma Google (Meet).<\/p>\n<p style=\"text-align: justify;\"><a href=\"https:\/\/sites.unoeste.br\/contepea\/wp-content\/uploads\/2020\/05\/reuni\u00e3o-19out2020-1.pdf\">Pauta de Outubro<\/a><\/p>\n<p style=\"text-align: justify;\"><strong>Texto para discuss\u00e3o:<\/strong><\/p>\n<p style=\"text-align: justify;\">BRASIL. Conselho Nacional de Educa\u00e7\u00e3o. <strong>Parecer CNE\/CP 14\/2020<\/strong>, aprovado em 10 de julho de 2020. Prop\u00f5e Diretrizes Curriculares Nacionais para a Forma\u00e7\u00e3o Continuada de Professores da Educa\u00e7\u00e3o B\u00e1sica e Base Nacional Comum para a Forma\u00e7\u00e3o Continuada de Professores da Educa\u00e7\u00e3o B\u00e1sica (BNC-Forma\u00e7\u00e3o Continuada). Dispon\u00edvel em:<a href=\"http:\/\/portal.mec.gov.br\/index.php?option=com_docman&amp;view=download&amp;alias=153571-pcp014-20&amp;category_slug=agosto-2020-pdf&amp;Itemid=30192\" target=\"_blank\">http:\/\/portal.mec.gov.br\/index.php?option=com_docman&amp;view=download&amp;alias=153571-pcp014-20&amp;category_slug=agosto-2020-pdf&amp;Itemid=30192<\/a>.\u00a0Acesso em: 06 out. 2020.<\/p>\n<hr \/>\n<p style=\"text-align: justify;\"><strong>Novembro<\/strong><\/p>\n<p style=\"text-align: justify;\">Data: 11\/11\/2020<\/p>\n<p style=\"text-align: justify;\">Hor\u00e1rio: 09:30<\/p>\n<p style=\"text-align: justify;\">Local:\u00a0plataforma Google (Meet).<\/p>\n<p style=\"text-align: justify;\"><a href=\"https:\/\/sites.unoeste.br\/contepea\/wp-content\/uploads\/2020\/05\/reuni\u00e3o-11nov2020.pdf\">Pauta de Novembro<\/a><\/p>\n<p style=\"text-align: justify;\"><strong>Texto para discuss\u00e3o:<\/strong><\/p>\n<p style=\"text-align: justify;\">BRASIL. Conselho Nacional de Educa\u00e7\u00e3o.\u00a0<strong>Parecer CNE\/CP 14\/2020<\/strong>, aprovado em 10 de julho de 2020. Prop\u00f5e Diretrizes Curriculares Nacionais para a Forma\u00e7\u00e3o Continuada de Professores da Educa\u00e7\u00e3o B\u00e1sica e Base Nacional Comum para a Forma\u00e7\u00e3o Continuada de Professores da Educa\u00e7\u00e3o B\u00e1sica (BNC-Forma\u00e7\u00e3o Continuada). Dispon\u00edvel em:<a href=\"http:\/\/portal.mec.gov.br\/index.php?option=com_docman&amp;view=download&amp;alias=153571-pcp014-20&amp;category_slug=agosto-2020-pdf&amp;Itemid=30192\" target=\"_blank\">http:\/\/portal.mec.gov.br\/index.php?option=com_docman&amp;view=download&amp;alias=153571-pcp014-20&amp;category_slug=agosto-2020-pdf&amp;Itemid=30192<\/a>.\u00a0Acesso em: 06 out. 2020.<\/p>\n<p style=\"text-align: justify;\">BRASIL. <strong>Resolu\u00e7\u00e3o CNE\/CP n\u00ba. 1<\/strong>,<strong> de 27 de outubro de 2020<\/strong>. Disp\u00f5e sobre as Diretrizes Curriculares Nacionais para a Forma\u00e7\u00e3o Continuada de Professores da Educa\u00e7\u00e3o B\u00e1sica e institui a Base Nacional Comum para a Forma\u00e7\u00e3o Continuada de Professores da Educa\u00e7\u00e3o B\u00e1sica (BNC-Forma\u00e7\u00e3o Continuada). Dispon\u00edvel em: <a href=\"https:\/\/www.in.gov.br\/en\/web\/dou\/-\/resolucao-cne\/cp-n-1-de-27-de-outubro-de-2020-285609724\" target=\"_blank\">https:\/\/www.in.gov.br\/en\/web\/dou\/-\/resolucao-cne\/cp-n-1-de-27-de-outubro-de-2020-285609724<\/a>. Acesso em: 06 nov. 2020.<\/p>\n<hr \/>\n<p style=\"text-align: justify;\"><strong>Dezembro<\/strong><\/p>\n<p style=\"text-align: justify;\">\n<p>Data: 10\/12\/2020<\/p>\n<p>Hor\u00e1rio: 14:00<\/p>\n<p>Local:\u00a0plataforma Google (Meet).<\/p>\n<p><a href=\"https:\/\/sites.unoeste.br\/contepea\/wp-content\/uploads\/2020\/05\/reuni\u00e3o-10dez2020.pdf\">Pauta de Dezembro<\/a><\/p>\n<p><strong>Texto para discuss\u00e3o:<\/strong><\/p>\n<p>BRASIL. Conselho Nacional de Educa\u00e7\u00e3o.\u00a0<strong>Parecer CNE\/CP 14\/2020<\/strong>, aprovado em 10 de julho de 2020. Prop\u00f5e Diretrizes Curriculares Nacionais para a Forma\u00e7\u00e3o Continuada de Professores da Educa\u00e7\u00e3o B\u00e1sica e Base Nacional Comum para a Forma\u00e7\u00e3o Continuada de Professores da Educa\u00e7\u00e3o B\u00e1sica (BNC-Forma\u00e7\u00e3o Continuada). Dispon\u00edvel em:<a href=\"http:\/\/portal.mec.gov.br\/index.php?option=com_docman&amp;view=download&amp;alias=153571-pcp014-20&amp;category_slug=agosto-2020-pdf&amp;Itemid=30192\" target=\"_blank\">http:\/\/portal.mec.gov.br\/index.php?option=com_docman&amp;view=download&amp;alias=153571-pcp014-20&amp;category_slug=agosto-2020-pdf&amp;Itemid=30192<\/a>.\u00a0Acesso em: 06 out. 2020.<\/p>\n<p>BRASIL.\u00a0<strong>Resolu\u00e7\u00e3o CNE\/CP n\u00ba. 1<\/strong>,<strong>\u00a0de 27 de outubro de 2020<\/strong>. Disp\u00f5e sobre as Diretrizes Curriculares Nacionais para a Forma\u00e7\u00e3o Continuada de Professores da Educa\u00e7\u00e3o B\u00e1sica e institui a Base Nacional Comum para a Forma\u00e7\u00e3o Continuada de Professores da Educa\u00e7\u00e3o B\u00e1sica (BNC-Forma\u00e7\u00e3o Continuada). Dispon\u00edvel em:\u00a0<a href=\"https:\/\/www.in.gov.br\/en\/web\/dou\/-\/resolucao-cne\/cp-n-1-de-27-de-outubro-de-2020-285609724\" target=\"_blank\">https:\/\/www.in.gov.br\/en\/web\/dou\/-\/resolucao-cne\/cp-n-1-de-27-de-outubro-de-2020-285609724<\/a>. Acesso em: 06 nov. 2020.<\/p>\n<hr \/>\n","protected":false},"excerpt":{"rendered":"<p>1\u00b0 Semestre de 2020 Mar\u00e7o Data: 25\/03\/2020 Hor\u00e1rio: 14:00 Local:\u00a0plataforma Microsoft (Skype) Texto discutido: CORREA, B. R. P. G e BEHRENS, M. A. Ser professor: teoria e pr\u00e1tica numa nova vis\u00e3o paradigm\u00e1tica. In: FERREIRA, J, de L. (Org.) Forma\u00e7\u00e3o de Professores: teoria e pr\u00e1tica. Petr\u00f3polis: Vozes, 2014, p. 50-72. Participaram desta reuni\u00e3o 19 membros. Abril [&hellip;]<\/p>\n","protected":false},"author":1,"featured_media":0,"parent":0,"menu_order":0,"comment_status":"closed","ping_status":"closed","template":"","meta":{"footnotes":""},"_links":{"self":[{"href":"https:\/\/sites.unoeste.br\/contepea\/wp-json\/wp\/v2\/pages\/6433"}],"collection":[{"href":"https:\/\/sites.unoeste.br\/contepea\/wp-json\/wp\/v2\/pages"}],"about":[{"href":"https:\/\/sites.unoeste.br\/contepea\/wp-json\/wp\/v2\/types\/page"}],"author":[{"embeddable":true,"href":"https:\/\/sites.unoeste.br\/contepea\/wp-json\/wp\/v2\/users\/1"}],"replies":[{"embeddable":true,"href":"https:\/\/sites.unoeste.br\/contepea\/wp-json\/wp\/v2\/comments?post=6433"}],"version-history":[{"count":21,"href":"https:\/\/sites.unoeste.br\/contepea\/wp-json\/wp\/v2\/pages\/6433\/revisions"}],"predecessor-version":[{"id":6697,"href":"https:\/\/sites.unoeste.br\/contepea\/wp-json\/wp\/v2\/pages\/6433\/revisions\/6697"}],"wp:attachment":[{"href":"https:\/\/sites.unoeste.br\/contepea\/wp-json\/wp\/v2\/media?parent=6433"}],"curies":[{"name":"wp","href":"https:\/\/api.w.org\/{rel}","templated":true}]}}