{"id":6526,"date":"2020-05-27T22:44:10","date_gmt":"2020-05-28T01:44:10","guid":{"rendered":"http:\/\/sites.unoeste.br\/contepea\/?page_id=6526"},"modified":"2020-06-18T13:27:10","modified_gmt":"2020-06-18T16:27:10","slug":"dr-jorge-luis-mazzeo-mariano","status":"publish","type":"page","link":"https:\/\/sites.unoeste.br\/contepea\/dr-jorge-luis-mazzeo-mariano\/","title":{"rendered":"Prof. Dr. Jorge Lu\u00eds Mazzeo Mariano"},"content":{"rendered":"<h4>Curr\u00edculo Resumido<\/h4>\n<p style=\"text-align: justify;\"><a href=\"https:\/\/sites.unoeste.br\/contepea\/wp-content\/uploads\/2020\/05\/Jorge-.png\"><img loading=\"lazy\" decoding=\"async\" class=\"  wp-image-6612 alignleft\" src=\"https:\/\/sites.unoeste.br\/contepea\/wp-content\/uploads\/2020\/05\/Jorge-.png\" alt=\"Jorge\" width=\"150\" height=\"198\" \/><\/a>Graduou-se em Pedagogia pela Universidade Estadual Paulista J\u00falio de Mesquita Filho, <em>campus<\/em> de Presidente Prudente, em 2008. Possui Mestrado em Educa\u00e7\u00e3o pela Universidade Federal de S\u00e3o Carlos &#8211; UFSCar, em 2011, na linha de pesquisa Hist\u00f3ria, Filosofia e Sociologia da Educa\u00e7\u00e3o. Concluiu o Doutorado em Educa\u00e7\u00e3o pela UNESP (<em>campus<\/em> de Presidente Prudente), em 2016. Realizou est\u00e1gio de P\u00f3s-Doutorado (PNPD\/CAPES) na Universidade do Oeste Paulista &#8211; UNOESTE (2017-2018). Possui artigos publicados em peri\u00f3dicos nacionais, trabalhos publicados em anais de eventos nacionais e internacionais, assim como a publica\u00e7\u00e3o de cap\u00edtulos em diversos livros na \u00e1rea da Educa\u00e7\u00e3o. \u00c9 associado da Associa\u00e7\u00e3o Nacional de P\u00f3s-Gradua\u00e7\u00e3o e Pesquisa em Educa\u00e7\u00e3o &#8211; ANPEd (GT 02 &#8211; Hist\u00f3ria da Educa\u00e7\u00e3o). Est\u00e1 vinculado ao Grupo de Pesquisa em Educa\u00e7\u00e3o, Cultura, Mem\u00f3ria e Arte &#8211; GPECUMA (UNESP &#8211; <em>campus<\/em> de Presidente Prudente), ao N\u00facleo de G\u00eanero e Diversidade Sexual na Educa\u00e7\u00e3o &#8211; NUDISE (UNESP &#8211; Campus de Mar\u00edlia) e coordena o Grupo de Estudos e Pesquisas: Hist\u00f3rias e Mem\u00f3rias da Educa\u00e7\u00e3o &#8211; HISMEE (UFMS\/CPAN). Atuou profissionalmente exercendo o cargo de Analista Sociocultural (Pedagogo) na Escola de Administra\u00e7\u00e3o Penitenci\u00e1ria Dr. Luiz Camargo Wolfmann &#8211; EAP, na Secretaria de Administra\u00e7\u00e3o Penitenci\u00e1ria do Estado de S\u00e3o Paulo &#8211; SAS\/SP. Possui tamb\u00e9m experi\u00eancia no ensino superior tendo trabalhado como Professor Tutor Presencial no curso de Pedagogia do Centro Universit\u00e1rio Anhanguera de S\u00e3o Paulo; como docente nos cursos de Hist\u00f3ria e de Pedagogia na UNIESP (<em>campus<\/em> de Presidente Venceslau\/SP); e como Professor substituto respons\u00e1vel pelas disciplinas Hist\u00f3ria da Educa\u00e7\u00e3o I e Conte\u00fados, Metodologia e Pr\u00e1tica de Ensino de Hist\u00f3ria I, junto ao Departamento de Educa\u00e7\u00e3o da UNESP (<em>campus<\/em> de Presidente Prudente). Atualmente \u00e9 Professor Adjunto no curso de Pedagogia e Docente Permanente do Programa de P\u00f3s-Gradua\u00e7\u00e3o em Educa\u00e7\u00e3o na Universidade Federal de Mato Grosso do Sul &#8211; UFMS (<em>campus<\/em> do Pantanal). Suas pesquisas se enquadram principalmente nas seguintes tem\u00e1ticas: Hist\u00f3ria da Educa\u00e7\u00e3o brasileira e Hist\u00f3ria das Mulheres.<\/p>\n<hr \/>\n<h4>Networking do pesquisador<\/h4>\n<p><a href=\"http:\/\/lattes.cnpq.br\/5337334318541020\" target=\"_blank\"><img loading=\"lazy\" decoding=\"async\" class=\"alignnone  wp-image-6590\" src=\"https:\/\/sites.unoeste.br\/contepea\/wp-content\/uploads\/2016\/11\/lattes-249x300.gif\" alt=\"lattes\" width=\"30\" height=\"36\" \/><\/a><\/p>\n<hr \/>\n<h4>Publica\u00e7\u00f5es mais recentes<\/h4>\n<p><strong>Artigos completos publicados em peri\u00f3dicos:<\/strong><\/p>\n<p style=\"text-align: justify;\"><a href=\"https:\/\/doi.org\/10.36311\/2236-5192.2020.v21esp.04.p37\" target=\"_blank\">NICOLETE, JAMILLY NIC\u00c1CIO; FERRO, ELAINE GOMES; MARIANO, JORGE LU\u00cdS MAZZEO. Pol\u00edticas educacionais e g\u00eanero: desafios e pol\u00eamicas atuais. <strong>EDUCA\u00c7\u00c3O EM REVISTA<\/strong>, v. 21, p. 37-54, 2020.<\/a><\/p>\n<p style=\"text-align: justify;\"><a href=\"http:\/\/revistas.unoeste.br\/index.php\/ch\/article\/view\/2651\" target=\"_blank\">MARIANO, J. L. M.; GEBRAN, R. A. ENTRE AS REPRESENTAC\u0327O\u0303ES E A REALIDADE: AS NORMALISTAS DO EXTREMO OESTE PAULISTA (1947-1975). <strong>Colloquium Humanarum<\/strong>, v. 16, p. 19-28, 2019.<\/a><\/p>\n<p style=\"text-align: justify;\"><a href=\"https:\/\/www.scielo.br\/scielo.php?script=sci_abstract&amp;pid=S2236-34592018000200189&amp;lng=en&amp;nrm=iso\" target=\"_blank\">MARIANO, J. L. M.; RIBEIRO, A. I. M. T\u00caMPERA FORTE E COMPLETO DESPRENDIMENTO: HIST\u00d3RIA E MEM\u00d3RIA DAS DOCENTES NO SERT\u00c3O PAULISTA (1932-1960). <strong>HIST\u00d3RIA DA EDUCA\u00c7\u00c3O<\/strong>, v. 22, p. 189-208, 2018.<\/a><\/p>\n<hr \/>\n<p style=\"text-align: justify;\"><strong>Livros publicados\/organizados ou edi\u00e7\u00f5es:<\/strong><\/p>\n<p style=\"text-align: justify;\">RIBEIRO, A. I. M. (Org.); PRADO, V. M. (Org.); MARIANO, J. L. M. (Org.). <strong>Hist\u00f3ria da Educa\u00e7\u00e3o brasileira: um olhar did\u00e1tico ilustrado com charges.<\/strong> 1. ed. Curitiba: Appris, 2017. v. 1. 248p.<\/p>\n<p style=\"text-align: justify;\">MARIANO, J. L. M. <strong>Primeiro grupo escolar de Presidente Prudente:<\/strong> o contributo das professoras prim\u00e1rias (1925-1938). 1. ed. Curitiba: CRV, 2013. v. 1. 188p.<\/p>\n<hr \/>\n<p style=\"text-align: justify;\"><strong>Cap\u00edtulos de livros publicados:<\/strong><\/p>\n<p style=\"text-align: justify;\">MARIANO, J. L. M.; FERRO, E. G. Inova\u00e7\u00e3o e conservadorismo na educa\u00e7\u00e3o brasileira. In: GEBRAN, R. A.; DIAS, C. L. (Org.). <strong>Pr\u00e1ticas educativas e inova\u00e7\u00e3o.<\/strong> 1. ed. Curitiba: Appris, 2019, v. 1, p. 13-33.<\/p>\n<p style=\"text-align: justify;\">RIBEIRO, A. I. M.; MARIANO, J. L. M.; FERRO, E. G. Paulo Freire, emancipa\u00e7\u00e3o das mulheres e a educa\u00e7\u00e3o libertadora. In: Eunice Macedo. (Org.). <strong>Ecos de Freire e o pensamento feminista:<\/strong> Di\u00e1logos e esclarecimentos. 1. ed. Porto (Portugal): IFPF\/CRPF\/CIIE\/Livpsic, 2017, v. 1, p. 79-103.<\/p>\n<p style=\"text-align: justify;\">MARIANO, J. L. M.; FERRO, E. G. Paulo Freire: um educador popular. In: Arilda In\u00eas Miranda Ribeiro; Vagner Matias do Prado; Jorge Lu\u00eds Mazzeo Mariano. (Org.). <strong>Hist\u00f3ria da Educa\u00e7\u00e3o brasileira:<\/strong> um olhar did\u00e1tico ilustrado com charges. 1. ed. Curitiba: Appris, 2017, v. 1, p. 135-152.<\/p>\n<hr \/>\n<p>&nbsp;<\/p>\n<p style=\"text-align: justify;\">\n","protected":false},"excerpt":{"rendered":"<p>Curr\u00edculo Resumido Graduou-se em Pedagogia pela Universidade Estadual Paulista J\u00falio de Mesquita Filho, campus de Presidente Prudente, em 2008. Possui Mestrado em Educa\u00e7\u00e3o pela Universidade Federal de S\u00e3o Carlos &#8211; UFSCar, em 2011, na linha de pesquisa Hist\u00f3ria, Filosofia e Sociologia da Educa\u00e7\u00e3o. Concluiu o Doutorado em Educa\u00e7\u00e3o pela UNESP (campus de Presidente Prudente), em [&hellip;]<\/p>\n","protected":false},"author":1,"featured_media":0,"parent":0,"menu_order":0,"comment_status":"closed","ping_status":"closed","template":"","meta":{"footnotes":""},"_links":{"self":[{"href":"https:\/\/sites.unoeste.br\/contepea\/wp-json\/wp\/v2\/pages\/6526"}],"collection":[{"href":"https:\/\/sites.unoeste.br\/contepea\/wp-json\/wp\/v2\/pages"}],"about":[{"href":"https:\/\/sites.unoeste.br\/contepea\/wp-json\/wp\/v2\/types\/page"}],"author":[{"embeddable":true,"href":"https:\/\/sites.unoeste.br\/contepea\/wp-json\/wp\/v2\/users\/1"}],"replies":[{"embeddable":true,"href":"https:\/\/sites.unoeste.br\/contepea\/wp-json\/wp\/v2\/comments?post=6526"}],"version-history":[{"count":7,"href":"https:\/\/sites.unoeste.br\/contepea\/wp-json\/wp\/v2\/pages\/6526\/revisions"}],"predecessor-version":[{"id":6635,"href":"https:\/\/sites.unoeste.br\/contepea\/wp-json\/wp\/v2\/pages\/6526\/revisions\/6635"}],"wp:attachment":[{"href":"https:\/\/sites.unoeste.br\/contepea\/wp-json\/wp\/v2\/media?parent=6526"}],"curies":[{"name":"wp","href":"https:\/\/api.w.org\/{rel}","templated":true}]}}